me factors of 4538.
2, 2269
List the prime factors of 8989.
89, 101
List the prime factors of 3163.
3163
List the prime factors of 208.
2, 13
What are the prime factors of 14365?
5, 13, 17
List the prime factors of 35568.
2, 3, 13, 19
List the prime factors of 1067.
11, 97
List the prime factors of 9387.
3, 7, 149
List the prime factors of 7709.
13, 593
What are the prime factors of 116748?
2, 3, 23, 47
List the prime factors of 2018.
2, 1009
What are the prime factors of 30086?
2, 7, 307
What are the prime factors of 1944?
2, 3
What are the prime factors of 949?
13, 73
What are the prime factors of 25647?
3, 83, 103
What are the prime factors of 6633?
3, 11, 67
What are the prime factors of 1419?
3, 11, 43
List the prime factors of 11515.
5, 7, 47
List the prime factors of 1032.
2, 3, 43
What are the prime factors of 693?
3, 7, 11
List the prime factors of 11145.
3, 5, 743
List the prime factors of 3044.
2, 761
What are the prime factors of 5487?
3, 31, 59
List the prime factors of 436.
2, 109
List the prime factors of 901.
17, 53
What are the prime factors of 2169?
3, 241
What are the prime factors of 131449?
131449
What are the prime factors of 482?
2, 241
What are the prime factors of 25816?
2, 7, 461
List the prime factors of 36460.
2, 5, 1823
What are the prime factors of 10091?
10091
List the prime factors of 1394.
2, 17, 41
What are the prime factors of 9126?
2, 3, 13
List the prime factors of 23674.
2, 7, 19, 89
What are the prime factors of 13191?
3, 4397
List the prime factors of 3097.
19, 163
List the prime factors of 508.
2, 127
What are the prime factors of 84791?
7, 12113
What are the prime factors of 8001?
3, 7, 127
What are the prime factors of 485?
5, 97
What are the prime factors of 747?
3, 83
List the prime factors of 21894.
2, 3, 41, 89
List the prime factors of 2256.
2, 3, 47
What are the prime factors of 613?
613
What are the prime factors of 1045?
5, 11, 19
List the prime factors of 179203.
179203
List the prime factors of 18616.
2, 13, 179
List the prime factors of 383.
383
List the prime factors of 938.
2, 7, 67
List the prime factors of 1056.
2, 3, 11
List the prime factors of 34452.
2, 3, 11, 29
What are the prime factors of 40669?
67, 607
List the prime factors of 302.
2, 151
What are the prime factors of 526?
2, 263
What are the prime factors of 54448?
2, 41, 83
List the prime factors of 1000.
2, 5
What are the prime factors of 3308?
2, 827
List the prime factors of 6580.
2, 5, 7, 47
What are the prime factors of 852?
2, 3, 71
List the prime factors of 75938.
2, 43, 883
List the prime factors of 433.
433
List the prime factors of 30250.
2, 5, 11
List the prime factors of 1369.
37
What are the prime factors of 378?
2, 3, 7
What are the prime factors of 4062?
2, 3, 677
What are the prime factors of 9024?
2, 3, 47
What are the prime factors of 63159?
3, 37, 569
List the prime factors of 482.
2, 241
What are the prime factors of 5123?
47, 109
List the prime factors of 6738.
2, 3, 1123
List the prime factors of 710.
2, 5, 71
What are the prime factors of 625?
5
What are the prime factors of 3987?
3, 443
What are the prime factors of 38121?
3, 97, 131
List the prime factors of 3995.
5, 17, 47
List the prime factors of 26335.
5, 23, 229
What are the prime factors of 2111?
2111
What are the prime factors of 505?
5, 101
List the prime factors of 738.
2, 3, 41
List the prime factors of 1770.
2, 3, 5, 59
List the prime factors of 5451.
3, 23, 79
List the prime factors of 2543.
2543
What are the prime factors of 23984?
2, 1499
List the prime factors of 1244.
2, 311
What are the prime factors of 12872?
2, 1609
What are the prime factors of 56752?
2, 3547
What are the prime factors of 2075?
5, 83
What are the prime factors of 6489?
3, 7, 103
What are the prime factors of 654?
2, 3, 109
What are the prime factors of 2355?
3, 5, 157
What are the prime factors of 3733?
3733
List the prime factors of 7490.
2, 5, 7, 107
List the prime factors of 131856.
2, 3, 41, 67
List the prime factors of 2547.
3, 283
List the prime factors of 521.
521
List the prime factors of 143570.
2, 5, 7, 293
List the prime factors of 449.
449
List the prime factors of 519.
3, 173
List the prime factors of 1456.
2, 7, 13
What are the prime factors of 119?
7, 17
What are the prime factors of 146?
2, 73
What are the prime factors of 5385?
3, 5, 359
List the prime factors of 1871.
1871
What are the prime factors of 1726?
2, 863
What are the prime factors of 54254?
2, 27127
What are the prime factors of 25946?
2, 12973
What are the prime factors of 646?
2, 17, 19
List the prime factors of 11487.
3, 7, 547
What are the prime factors of 1494?
2, 3, 83
List the prime factors of 2532.
2, 3, 211
What are the prime factors of 1416?
2, 3, 59
List the prime factors of 29.
29
What are the prime factors of 7161?
3, 7, 11, 31
What are the prime factors of 987?
3, 7, 47
What are the prime factors of 4688?
2, 293
What are the prime factors of 140222?
2, 70111
What are the prime factors of 1735?
5, 347
List the prime factors of 4047.
3, 19, 71
List the prime factors of 4167.
3, 463
List the prime factors of 7935.
3, 5, 23
What are the prime factors of 31693?
41, 773
List the prime factors of 8580.
2, 3, 5, 11, 13
What are the prime factors of 4526?
2, 31, 73
List the prime factors of 5553.
3, 617
What are the prime factors of 10957?
10957
List the prime factors of 85218.
2, 3, 7, 2029
List the prime factors of 3889.
3889
What are the prime factors of 4127?
4127
What are the prime factors of 6884?
2, 1721
What are the prime factors of 24444?
2, 3, 7, 97
List the prime factors of 9853.
59, 167
List the prime factors of 48502.
2, 24251
What are the prime factors of 399?
3, 7, 19
List the prime factors of 689.
13, 53
What are the prime factors of 110761?
7, 15823
List the prime factors of 1398.
2, 3, 233
List the prime factors of 7841.
7841
What are the prime factors of 15021?
3, 1669
What are the prime factors of 647?
647
List the prime factors of 215.
5, 43
What are the prime factors of 9970?
2, 5, 997
List the prime factors of 11494.
2, 7, 821
List the prime factors of 2433.
3, 811
What are the prime factors of 1752?
2, 3, 73
List the prime factors of 3024.
2, 3, 7
What are the prime factors of 1210?
2, 5, 11
What are the prime factors of 2128?
2, 7, 19
List the prime factors of 4128.
2, 3, 43
What are the prime factors of 7411?
7411
What are the prime factors of 18539?
18539
List the prime factors of 1991.
11, 181
List the prime factors of 16502.
2, 37, 223
List the prime factors of 15149.
15149
List the prime factors of 955.
5, 191
What are the prime factors of 3199?
7, 457
List the prime factors of 789.
3, 263
List the prime factors of 17178.
2, 3, 7, 409
What are the prime factors of 4711?
7, 673
List the prime factors of 21655.
5, 61, 71
List the prime factors of 12402.
2, 3, 13, 53
List the prime factors of 580.
2, 5, 29
What are the prime factors of 19641?
3, 6547
What are the prime factors of 15996?
2, 3, 31, 43
List the prime factors of 4964.
2, 17, 73
What are the prime factors of 139?
139
List the prime factors of 434.
2, 7, 31
What are the prime factors of 20222?
2, 10111
List the prime factors of 5368.
2, 11, 61
What are the prime factors of 1226?
2, 613
What are the prime factors of 1981?
7, 283
List the prime factors of 7386.
2, 3, 1231
List the prime factors of 1026.
2, 3, 19
What are the prime factors of 1641?
3, 547
List the prime factors of 242.
2, 11
List the prime factors of 446.
2, 223
List the prime factors of 122998.
2, 89, 691
List the prime factors of 746.
2, 373
List the prime factors of 10123.
53, 191
What are the prime factors of 74710?
2, 5, 31, 241
What are the prime factors of 2291?
29, 79
What are the prime factors of 6161?
61, 101
What are the prime factors of 6244?
2, 7, 223
List the prime factors of 18474.
2, 3, 3079
What are the prime factors of 24842?
2, 12421
List the prime factors of 26431.
26431
What are the prime factors of 46018?
2, 7, 19, 173
List the prime factors of 88130.
2, 5, 7, 1259
What are the prime factors of 1121?
19, 59
What are the prime factors of 37828?
2, 7, 193
What are the prime factors of 2242?
2, 19, 59
List the prime factors of 14729.
11, 13, 103
List the prime factors of 5174.
2, 13, 199
List the prime fact